{"id":1048,"date":"2025-10-16T14:29:03","date_gmt":"2025-10-16T12:29:03","guid":{"rendered":"https:\/\/patricktalom.com\/?page_id=1048"},"modified":"2025-10-16T14:34:50","modified_gmt":"2025-10-16T12:34:50","slug":"groupe-de-recherche","status":"publish","type":"page","link":"https:\/\/patricktalom.com\/index.php\/groupe-de-recherche\/","title":{"rendered":"Groupe de recherche"},"content":{"rendered":"\t\t<div data-elementor-type=\"wp-page\" data-elementor-id=\"1048\" class=\"elementor elementor-1048\">\n\t\t\t\t\t\t<section class=\"elementor-section elementor-top-section elementor-element elementor-element-a960091 elementor-section-boxed elementor-section-height-default elementor-section-height-default\" data-id=\"a960091\" data-element_type=\"section\" data-e-type=\"section\">\n\t\t\t\t\t\t<div class=\"elementor-container elementor-column-gap-default\">\n\t\t\t\t\t<div class=\"elementor-column elementor-col-100 elementor-top-column elementor-element elementor-element-70b1e94\" data-id=\"70b1e94\" data-element_type=\"column\" data-e-type=\"column\">\n\t\t\t<div class=\"elementor-widget-wrap elementor-element-populated\">\n\t\t\t\t\t\t<div class=\"elementor-element elementor-element-a118622 elementor-widget elementor-widget-heading\" data-id=\"a118622\" data-element_type=\"widget\" data-e-type=\"widget\" data-widget_type=\"heading.default\">\n\t\t\t\t<div class=\"elementor-widget-container\">\n\t\t\t\t\t<h2 class=\"elementor-heading-title elementor-size-default\">GReTHA en Afrique<\/h2>\t\t\t\t<\/div>\n\t\t\t\t<\/div>\n\t\t\t\t\t<\/div>\n\t\t<\/div>\n\t\t\t\t\t<\/div>\n\t\t<\/section>\n\t\t\t\t<section class=\"elementor-section elementor-top-section elementor-element elementor-element-dc286d2 elementor-section-boxed elementor-section-height-default elementor-section-height-default\" data-id=\"dc286d2\" data-element_type=\"section\" data-e-type=\"section\">\n\t\t\t\t\t\t<div class=\"elementor-container elementor-column-gap-default\">\n\t\t\t\t\t<div class=\"elementor-column elementor-col-100 elementor-top-column elementor-element elementor-element-7e6918e\" data-id=\"7e6918e\" data-element_type=\"column\" data-e-type=\"column\">\n\t\t\t<div class=\"elementor-widget-wrap elementor-element-populated\">\n\t\t\t\t\t\t<div class=\"elementor-element elementor-element-3f8bc35 elementor-widget elementor-widget-text-editor\" data-id=\"3f8bc35\" data-element_type=\"widget\" data-e-type=\"widget\" data-widget_type=\"text-editor.default\">\n\t\t\t\t<div class=\"elementor-widget-container\">\n\t\t\t\t\t\t\t\t\t<p>J\u2019ai fond\u00e9 le <b>GReTHA<\/b> parce que je crois profond\u00e9ment que le handicap, en Afrique, ne doit plus \u00eatre une r\u00e9alit\u00e9 silencieuse, marginalis\u00e9e ou simplement tol\u00e9r\u00e9e. Il doit devenir un <b>objet de r\u00e9flexion transversale<\/b>, un <b>levier de transformation sociale<\/b>, et un <b>champ de dignit\u00e9 partag\u00e9e<\/b>.<\/p><p>Mon propre parcours, marqu\u00e9 par le handicap et l\u2019engagement universitaire, m\u2019a permis de constater les limites des approches fragment\u00e9es : trop souvent, le handicap est trait\u00e9 uniquement sous l\u2019angle m\u00e9dical, juridique ou caritatif. Or, il touche \u00e0 tout : \u00e0 la culture, \u00e0 la spiritualit\u00e9, \u00e0 l\u2019\u00e9conomie, \u00e0 l\u2019\u00e9ducation, \u00e0 la citoyennet\u00e9.<\/p><p>Le <b>GReTHA<\/b> est n\u00e9 de cette conviction : il faut <b>penser le handicap autrement<\/b>, en mobilisant des chercheurs, des praticiens, des personnes concern\u00e9es, des croyants et des d\u00e9cideurs. Il s\u2019agit de cr\u00e9er un <b>espace de dialogue interdisciplinaire<\/b>, enracin\u00e9 dans les r\u00e9alit\u00e9s africaines, mais ouvert aux influences internationales.<\/p><p>\u00c0 travers le GReTHA, je veux :<\/p><ul><li><b>Donner la parole<\/b> aux personnes en situation de handicap, non comme objets d\u2019\u00e9tude, mais comme sujets pensants et agissants.<\/li><li><b>Produire des savoirs critiques<\/b>, qui interrogent les mod\u00e8les dominants et proposent des alternatives enracin\u00e9es dans nos contextes.<\/li><li><b>Favoriser la communion intellectuelle et humaine<\/b>, entre les disciplines, les cultures et les spiritualit\u00e9s.<\/li><\/ul><p>Le GReTHA est pour moi un <b>acte de foi dans l\u2019intelligence collective<\/b>, un lieu o\u00f9 le handicap devient source de questionnement, de fraternit\u00e9 et de renouveau. C\u2019est ma mani\u00e8re de dire que <b>l\u2019Afrique peut penser le handicap avec audace, avec rigueur, et avec amour<\/b>.<\/p><p>Lien\u00a0:<a href=\"https:\/\/www.facebook.com\/profile.php?id=61579302547821&amp;sk=about\" target=\"_blank\" rel=\"noopener\">https:\/\/www.facebook.com\/profile.php?id=61579302547821&amp;sk=about<\/a><\/p><p><b>DOMAINES DE RECHERCHE<\/b><b><\/b><\/p><p>Handicap \u2013 \u00e9thique- souffrance- Jeunesse- Vieillesse- d\u00e9pendance- blessure<span class=\"Apple-converted-space\">\u00a0<\/span><\/p>\t\t\t\t\t\t\t\t<\/div>\n\t\t\t\t<\/div>\n\t\t\t\t\t<\/div>\n\t\t<\/div>\n\t\t\t\t\t<\/div>\n\t\t<\/section>\n\t\t\t\t<section class=\"elementor-section elementor-top-section elementor-element elementor-element-344b0f7 elementor-section-boxed elementor-section-height-default elementor-section-height-default\" data-id=\"344b0f7\" data-element_type=\"section\" data-e-type=\"section\">\n\t\t\t\t\t\t<div class=\"elementor-container elementor-column-gap-default\">\n\t\t\t\t\t<div class=\"elementor-column elementor-col-100 elementor-top-column elementor-element elementor-element-0d95dd9\" data-id=\"0d95dd9\" data-element_type=\"column\" data-e-type=\"column\">\n\t\t\t<div class=\"elementor-widget-wrap elementor-element-populated\">\n\t\t\t\t\t\t<div class=\"elementor-element elementor-element-3ce3c5b elementor-widget elementor-widget-heading\" data-id=\"3ce3c5b\" data-element_type=\"widget\" data-e-type=\"widget\" data-widget_type=\"heading.default\">\n\t\t\t\t<div class=\"elementor-widget-container\">\n\t\t\t\t\t<h2 class=\"elementor-heading-title elementor-size-default\">Handicap Acad\u00e9mie\n<\/h2>\t\t\t\t<\/div>\n\t\t\t\t<\/div>\n\t\t\t\t\t<\/div>\n\t\t<\/div>\n\t\t\t\t\t<\/div>\n\t\t<\/section>\n\t\t\t\t<section class=\"elementor-section elementor-top-section elementor-element elementor-element-51521cc elementor-section-boxed elementor-section-height-default elementor-section-height-default\" data-id=\"51521cc\" data-element_type=\"section\" data-e-type=\"section\">\n\t\t\t\t\t\t<div class=\"elementor-container elementor-column-gap-default\">\n\t\t\t\t\t<div class=\"elementor-column elementor-col-100 elementor-top-column elementor-element elementor-element-e66e3a4\" data-id=\"e66e3a4\" data-element_type=\"column\" data-e-type=\"column\">\n\t\t\t<div class=\"elementor-widget-wrap elementor-element-populated\">\n\t\t\t\t\t\t<div class=\"elementor-element elementor-element-aafc830 elementor-widget elementor-widget-text-editor\" data-id=\"aafc830\" data-element_type=\"widget\" data-e-type=\"widget\" data-widget_type=\"text-editor.default\">\n\t\t\t\t<div class=\"elementor-widget-container\">\n\t\t\t\t\t\t\t\t\t<p><b>Handi-Acad\u00e9mie<\/b> est un projet ambitieux de formation d\u00e9di\u00e9 aux enjeux du handicap, de la vuln\u00e9rabilit\u00e9 et de la fragilit\u00e9 du vivant. Ce programme vise \u00e0 sensibiliser un large public \u2014 universitaire, politique, social et religieux \u2014 \u00e0 travers des contenus p\u00e9dagogiques accessibles et engag\u00e9s. L\u2019\u00e9quipe de Handi-Acad\u00e9mie met \u00e0 disposition ce manuel afin de renforcer les comp\u00e9tences et les connaissances sur les r\u00e9alit\u00e9s du handicap, dans une approche \u00e0 la fois humaine et intellectuelle.<\/p>\t\t\t\t\t\t\t\t<\/div>\n\t\t\t\t<\/div>\n\t\t\t\t\t<\/div>\n\t\t<\/div>\n\t\t\t\t\t<\/div>\n\t\t<\/section>\n\t\t\t\t<\/div>\n\t\t","protected":false},"excerpt":{"rendered":"<p>GReTHA en Afrique J\u2019ai fond\u00e9 le GReTHA parce que je crois profond\u00e9ment que le handicap, en Afrique, ne doit plus \u00eatre une r\u00e9alit\u00e9 silencieuse, marginalis\u00e9e ou simplement tol\u00e9r\u00e9e. Il doit devenir un objet de r\u00e9flexion transversale, un levier de transformation sociale, et un champ de dignit\u00e9 partag\u00e9e. Mon propre parcours, marqu\u00e9 par le handicap et [&hellip;]<\/p>\n","protected":false},"author":1,"featured_media":1018,"parent":0,"menu_order":0,"comment_status":"closed","ping_status":"closed","template":"","meta":{"site-sidebar-layout":"no-sidebar","site-content-layout":"page-builder","ast-site-content-layout":"full-width-container","site-content-style":"default","site-sidebar-style":"default","ast-global-header-display":"","ast-banner-title-visibility":"","ast-main-header-display":"","ast-hfb-above-header-display":"","ast-hfb-below-header-display":"","ast-hfb-mobile-header-display":"","site-post-title":"","ast-breadcrumbs-content":"","ast-featured-img":"disabled","footer-sml-layout":"","ast-disable-related-posts":"","theme-transparent-header-meta":"","adv-header-id-meta":"","stick-header-meta":"","header-above-stick-meta":"","header-main-stick-meta":"","header-below-stick-meta":"","astra-migrate-meta-layouts":"set","ast-page-background-enabled":"default","ast-page-background-meta":{"desktop":{"background-color":"var(--ast-global-color-4)","background-image":"","background-repeat":"repeat","background-position":"center center","background-size":"auto","background-attachment":"scroll","background-type":"","background-media":"","overlay-type":"","overlay-color":"","overlay-opacity":"","overlay-gradient":""},"tablet":{"background-color":"","background-image":"","background-repeat":"repeat","background-position":"center center","background-size":"auto","background-attachment":"scroll","background-type":"","background-media":"","overlay-type":"","overlay-color":"","overlay-opacity":"","overlay-gradient":""},"mobile":{"background-color":"","background-image":"","background-repeat":"repeat","background-position":"center center","background-size":"auto","background-attachment":"scroll","background-type":"","background-media":"","overlay-type":"","overlay-color":"","overlay-opacity":"","overlay-gradient":""}},"ast-content-background-meta":{"desktop":{"background-color":"var(--ast-global-color-5)","background-image":"","background-repeat":"repeat","background-position":"center center","background-size":"auto","background-attachment":"scroll","background-type":"","background-media":"","overlay-type":"","overlay-color":"","overlay-opacity":"","overlay-gradient":""},"tablet":{"background-color":"var(--ast-global-color-5)","background-image":"","background-repeat":"repeat","background-position":"center center","background-size":"auto","background-attachment":"scroll","background-type":"","background-media":"","overlay-type":"","overlay-color":"","overlay-opacity":"","overlay-gradient":""},"mobile":{"background-color":"var(--ast-global-color-5)","background-image":"","background-repeat":"repeat","background-position":"center center","background-size":"auto","background-attachment":"scroll","background-type":"","background-media":"","overlay-type":"","overlay-color":"","overlay-opacity":"","overlay-gradient":""}},"footnotes":""},"class_list":["post-1048","page","type-page","status-publish","has-post-thumbnail","hentry"],"_links":{"self":[{"href":"https:\/\/patricktalom.com\/index.php\/wp-json\/wp\/v2\/pages\/1048","targetHints":{"allow":["GET"]}}],"collection":[{"href":"https:\/\/patricktalom.com\/index.php\/wp-json\/wp\/v2\/pages"}],"about":[{"href":"https:\/\/patricktalom.com\/index.php\/wp-json\/wp\/v2\/types\/page"}],"author":[{"embeddable":true,"href":"https:\/\/patricktalom.com\/index.php\/wp-json\/wp\/v2\/users\/1"}],"replies":[{"embeddable":true,"href":"https:\/\/patricktalom.com\/index.php\/wp-json\/wp\/v2\/comments?post=1048"}],"version-history":[{"count":4,"href":"https:\/\/patricktalom.com\/index.php\/wp-json\/wp\/v2\/pages\/1048\/revisions"}],"predecessor-version":[{"id":1052,"href":"https:\/\/patricktalom.com\/index.php\/wp-json\/wp\/v2\/pages\/1048\/revisions\/1052"}],"wp:featuredmedia":[{"embeddable":true,"href":"https:\/\/patricktalom.com\/index.php\/wp-json\/wp\/v2\/media\/1018"}],"wp:attachment":[{"href":"https:\/\/patricktalom.com\/index.php\/wp-json\/wp\/v2\/media?parent=1048"}],"curies":[{"name":"wp","href":"https:\/\/api.w.org\/{rel}","templated":true}]}}